{"id":298,"date":"2017-05-01T22:40:23","date_gmt":"2017-05-01T20:40:23","guid":{"rendered":"https:\/\/dev.les-samaritains.org\/?page_id=298"},"modified":"2025-08-25T12:06:30","modified_gmt":"2025-08-25T10:06:30","slug":"qui-nous-sommes","status":"publish","type":"page","link":"https:\/\/www.les-samaritains.org\/nl\/qui-nous-sommes","title":{"rendered":"Over Ons"},"content":{"rendered":"\n<style type=\"text\/css\" data-created_by=\"avia_inline_auto\" id=\"style-css-av-16kbt6-1fd853968023537e2a28001b6c3f6054\">\n.flex_column.av-16kbt6-1fd853968023537e2a28001b6c3f6054{\nborder-radius:0px 0px 0px 0px;\npadding:0 0 0 0;\n}\n<\/style>\n<div  class='flex_column av-16kbt6-1fd853968023537e2a28001b6c3f6054 av_one_full  avia-builder-el-0  avia-builder-el-no-sibling  first flex_column_div av-zero-column-padding  '     ><p>\n<style type=\"text\/css\" data-created_by=\"avia_inline_auto\" id=\"style-css-av-12xmka-a8e869960b80b2d1234888475616b7d9\">\n#top .av-special-heading.av-12xmka-a8e869960b80b2d1234888475616b7d9{\npadding-bottom:10px;\n}\nbody .av-special-heading.av-12xmka-a8e869960b80b2d1234888475616b7d9 .av-special-heading-tag .heading-char{\nfont-size:25px;\n}\n.av-special-heading.av-12xmka-a8e869960b80b2d1234888475616b7d9 .av-subheading{\nfont-size:15px;\n}\n<\/style>\n<div  class='av-special-heading av-12xmka-a8e869960b80b2d1234888475616b7d9 av-special-heading-h3 meta-heading blockquote modern-quote modern-centered  avia-builder-el-1  el_before_av_hr  avia-builder-el-first '><h3 class='av-special-heading-tag '  itemprop=\"headline\"  >OVER ONS<\/h3><div class=\"special-heading-border\"><div class=\"special-heading-inner-border\"><\/div><\/div><\/div><br \/>\n<div  class='hr av-w2fn6-44354b17615a5a9bca4c67452cdb2bd3 hr-short  avia-builder-el-2  el_after_av_heading  el_before_av_textblock  hr-center'><span class='hr-inner '><span class=\"hr-inner-style\"><\/span><\/span><\/div><br \/>\n<section  class='av_textblock_section av-kkid7wv8-12587a22548a82f66b7f6840e83dbccb '   itemscope=\"itemscope\" itemtype=\"https:\/\/schema.org\/CreativeWork\" ><div class='avia_textblock'  itemprop=\"text\" ><p>De organisatie &#8220;De Samaritanen&#8221; is een vereniging zonder winstoogmerk. &#8220;De Samaritanen&#8221; v.z.w. werd in 1994 opgericht door Claude Vander Elst en heeft als doel : het helpen van daklozen en andere hulpbehoevenden in Brussel via een wekelijkse voedsel bedeling.<\/p>\n<p><img loading=\"lazy\" decoding=\"async\" class=\"alignnone size-full wp-image-2096\" src=\"https:\/\/www.les-samaritains.org\/wp-content\/uploads\/2025\/08\/team-samaritains-2025.webp\" alt=\"Les Samaritains :: l'\u00e9quipe des b\u00e9n\u00e9voles qui distribue des repas aux personnes sans domicile, \u00e9t\u00e9 comme hiver\" width=\"1200\" height=\"945\" srcset=\"https:\/\/www.les-samaritains.org\/wp-content\/uploads\/2025\/08\/team-samaritains-2025.webp 1200w, https:\/\/www.les-samaritains.org\/wp-content\/uploads\/2025\/08\/team-samaritains-2025-300x236.webp 300w, https:\/\/www.les-samaritains.org\/wp-content\/uploads\/2025\/08\/team-samaritains-2025-1024x806.webp 1024w, https:\/\/www.les-samaritains.org\/wp-content\/uploads\/2025\/08\/team-samaritains-2025-768x605.webp 768w, https:\/\/www.les-samaritains.org\/wp-content\/uploads\/2025\/08\/team-samaritains-2025-705x555.webp 705w\" sizes=\"auto, (max-width: 1200px) 100vw, 1200px\" \/><\/p>\n<p>Tegelijkertijd trachten wij dekens en slaapzakken te bezorgen (en dit in het bijzonder voor degenen die op straat slapen. Dit alles is echter afhankelijk van de schenkingen die wij zelf ontvangen.<\/p>\n<p>Dit initiatief vindt elke dinsdagavond plaats, VOOR \u00b4T OGENBLIK, TUSSEN 19.00 en 20.00, achter het Centraal Station, \u00ab KANTERSTEEN \u00bb.<\/p>\n<p>Een traiteur bevoorraadt ons het ganse jaar door in soep en verschillende bakkers staan in voor brood en gebak. Onze vrijwilligers zorgen voor de broodjes en de warme maaltijden.<\/p>\n<p><img loading=\"lazy\" decoding=\"async\" class=\"size-medium wp-image-457 alignleft\" src=\"https:\/\/www.les-samaritains.org\/wp-content\/uploads\/2017\/12\/12465882_958885380826565_5971968728097854351_o-300x200.jpg\" alt=\"\" width=\"300\" height=\"200\" srcset=\"https:\/\/www.les-samaritains.org\/wp-content\/uploads\/2017\/12\/12465882_958885380826565_5971968728097854351_o-300x200.jpg 300w, https:\/\/www.les-samaritains.org\/wp-content\/uploads\/2017\/12\/12465882_958885380826565_5971968728097854351_o-768x512.jpg 768w, https:\/\/www.les-samaritains.org\/wp-content\/uploads\/2017\/12\/12465882_958885380826565_5971968728097854351_o-1024x683.jpg 1024w, https:\/\/www.les-samaritains.org\/wp-content\/uploads\/2017\/12\/12465882_958885380826565_5971968728097854351_o-1500x1000.jpg 1500w, https:\/\/www.les-samaritains.org\/wp-content\/uploads\/2017\/12\/12465882_958885380826565_5971968728097854351_o-705x470.jpg 705w, https:\/\/www.les-samaritains.org\/wp-content\/uploads\/2017\/12\/12465882_958885380826565_5971968728097854351_o-450x300.jpg 450w, https:\/\/www.les-samaritains.org\/wp-content\/uploads\/2017\/12\/12465882_958885380826565_5971968728097854351_o.jpg 2048w\" sizes=\"auto, (max-width: 300px) 100vw, 300px\" \/><\/p>\n<p>Naast deze hoofdactiviteit schenken wij elk jaar een feestmaaltijd met voorgerecht, hoofdgerecht en dessert. Dit alles wordt begeleid met softdrinks.<\/p>\n<p><strong>We mogen hem niet vergeten! <\/strong><\/p>\n<p>Claude was stichter van onze vereniging en zal altijd zijn ere-voorzitter blijven.<br \/>\nHij is op 68-jarige leeftijd overleden op 11 december 2013 na een lange periode van ziekte.<br \/>\nBuiten de VZW heeft Claude ook een school opgericht in Togo, genoemd naar zijn kleinzoon Saint-Julien. Vergeet hem niet in uw gedachten.<\/p>\n<\/div><\/section><br \/>\n\n<style type=\"text\/css\" data-created_by=\"avia_inline_auto\" id=\"style-css-av-j2h6y-3fcbabdc4f3ae5b5714716aa16729fec\">\n#top .hr.hr-invisible.av-j2h6y-3fcbabdc4f3ae5b5714716aa16729fec{\nheight:50px;\n}\n<\/style>\n<div  class='hr av-j2h6y-3fcbabdc4f3ae5b5714716aa16729fec hr-invisible  avia-builder-el-4  el_after_av_textblock  el_before_av_textblock '><span class='hr-inner '><span class=\"hr-inner-style\"><\/span><\/span><\/div><br \/>\n<section  class='av_textblock_section av-cnlgq-8e481335a47f415557870c2a75c98f67 '   itemscope=\"itemscope\" itemtype=\"https:\/\/schema.org\/CreativeWork\" ><div class='avia_textblock'  itemprop=\"text\" ><blockquote>\n<p>\u00abJe hebt nooit echt geleefd als je niet iets hebt gegeven aan iemand die het je nooit zal kunnen teruggeven.\u00bb<\/p>\n<\/blockquote>\n<\/div><\/section><br \/>\n\n<style type=\"text\/css\" data-created_by=\"avia_inline_auto\" id=\"style-css-av-7vnne-27e7ebbcc2d5c7f1adcd65536c4be224\">\n#top .hr.hr-invisible.av-7vnne-27e7ebbcc2d5c7f1adcd65536c4be224{\nheight:10px;\n}\n<\/style>\n<div  class='hr av-7vnne-27e7ebbcc2d5c7f1adcd65536c4be224 hr-invisible  avia-builder-el-6  el_after_av_textblock  avia-builder-el-last '><span class='hr-inner '><span class=\"hr-inner-style\"><\/span><\/span><\/div><\/p><\/div>\n","protected":false},"excerpt":{"rendered":"","protected":false},"author":1,"featured_media":0,"parent":0,"menu_order":0,"comment_status":"closed","ping_status":"closed","template":"","meta":{"iawp_total_views":59,"footnotes":""},"class_list":["post-298","page","type-page","status-publish","hentry"],"aioseo_notices":[],"_links":{"self":[{"href":"https:\/\/www.les-samaritains.org\/nl\/wp-json\/wp\/v2\/pages\/298","targetHints":{"allow":["GET"]}}],"collection":[{"href":"https:\/\/www.les-samaritains.org\/nl\/wp-json\/wp\/v2\/pages"}],"about":[{"href":"https:\/\/www.les-samaritains.org\/nl\/wp-json\/wp\/v2\/types\/page"}],"author":[{"embeddable":true,"href":"https:\/\/www.les-samaritains.org\/nl\/wp-json\/wp\/v2\/users\/1"}],"replies":[{"embeddable":true,"href":"https:\/\/www.les-samaritains.org\/nl\/wp-json\/wp\/v2\/comments?post=298"}],"version-history":[{"count":5,"href":"https:\/\/www.les-samaritains.org\/nl\/wp-json\/wp\/v2\/pages\/298\/revisions"}],"predecessor-version":[{"id":2101,"href":"https:\/\/www.les-samaritains.org\/nl\/wp-json\/wp\/v2\/pages\/298\/revisions\/2101"}],"wp:attachment":[{"href":"https:\/\/www.les-samaritains.org\/nl\/wp-json\/wp\/v2\/media?parent=298"}],"curies":[{"name":"wp","href":"https:\/\/api.w.org\/{rel}","templated":true}]}}

<style type="text/css" data-created_by="avia_inline_auto" id="style-css-av-16kbt6-1fd853968023537e2a28001b6c3f6054">
.flex_column.av-16kbt6-1fd853968023537e2a28001b6c3f6054{
border-radius:0px 0px 0px 0px;
padding:0 0 0 0;
}
</style>
<div  class='flex_column av-16kbt6-1fd853968023537e2a28001b6c3f6054 av_one_full  avia-builder-el-0  avia-builder-el-no-sibling  first flex_column_div av-zero-column-padding  '     ><p>
<style type="text/css" data-created_by="avia_inline_auto" id="style-css-av-12xmka-a8e869960b80b2d1234888475616b7d9">
#top .av-special-heading.av-12xmka-a8e869960b80b2d1234888475616b7d9{
padding-bottom:10px;
}
body .av-special-heading.av-12xmka-a8e869960b80b2d1234888475616b7d9 .av-special-heading-tag .heading-char{
font-size:25px;
}
.av-special-heading.av-12xmka-a8e869960b80b2d1234888475616b7d9 .av-subheading{
font-size:15px;
}
</style>
<div  class='av-special-heading av-12xmka-a8e869960b80b2d1234888475616b7d9 av-special-heading-h3 meta-heading blockquote modern-quote modern-centered  avia-builder-el-1  el_before_av_hr  avia-builder-el-first '><h3 class='av-special-heading-tag '  itemprop="headline"  >OVER ONS</h3><div class="special-heading-border"><div class="special-heading-inner-border"></div></div></div><br />
<div  class='hr av-w2fn6-44354b17615a5a9bca4c67452cdb2bd3 hr-short  avia-builder-el-2  el_after_av_heading  el_before_av_textblock  hr-center'><span class='hr-inner '><span class="hr-inner-style"></span></span></div><br />
<section  class='av_textblock_section av-kkid7wv8-12587a22548a82f66b7f6840e83dbccb '   itemscope="itemscope" itemtype="https://schema.org/CreativeWork" ><div class='avia_textblock'  itemprop="text" ><p>De organisatie &#8220;De Samaritanen&#8221; is een vereniging zonder winstoogmerk. &#8220;De Samaritanen&#8221; v.z.w. werd in 1994 opgericht door Claude Vander Elst en heeft als doel : het helpen van daklozen en andere hulpbehoevenden in Brussel via een wekelijkse voedsel bedeling.</p>
<p><img loading="lazy" decoding="async" class="alignnone size-full wp-image-2096" src="https://www.les-samaritains.org/wp-content/uploads/2025/08/team-samaritains-2025.webp" alt="Les Samaritains :: l'équipe des bénévoles qui distribue des repas aux personnes sans domicile, été comme hiver" width="1200" height="945" srcset="https://www.les-samaritains.org/wp-content/uploads/2025/08/team-samaritains-2025.webp 1200w, https://www.les-samaritains.org/wp-content/uploads/2025/08/team-samaritains-2025-300x236.webp 300w, https://www.les-samaritains.org/wp-content/uploads/2025/08/team-samaritains-2025-1024x806.webp 1024w, https://www.les-samaritains.org/wp-content/uploads/2025/08/team-samaritains-2025-768x605.webp 768w, https://www.les-samaritains.org/wp-content/uploads/2025/08/team-samaritains-2025-705x555.webp 705w" sizes="auto, (max-width: 1200px) 100vw, 1200px" /></p>
<p>Tegelijkertijd trachten wij dekens en slaapzakken te bezorgen (en dit in het bijzonder voor degenen die op straat slapen. Dit alles is echter afhankelijk van de schenkingen die wij zelf ontvangen.</p>
<p>Dit initiatief vindt elke dinsdagavond plaats, VOOR ´T OGENBLIK, TUSSEN 19.00 en 20.00, achter het Centraal Station, « KANTERSTEEN ».</p>
<p>Een traiteur bevoorraadt ons het ganse jaar door in soep en verschillende bakkers staan in voor brood en gebak. Onze vrijwilligers zorgen voor de broodjes en de warme maaltijden.</p>
<p><img loading="lazy" decoding="async" class="size-medium wp-image-457 alignleft" src="https://www.les-samaritains.org/wp-content/uploads/2017/12/12465882_958885380826565_5971968728097854351_o-300x200.jpg" alt="" width="300" height="200" srcset="https://www.les-samaritains.org/wp-content/uploads/2017/12/12465882_958885380826565_5971968728097854351_o-300x200.jpg 300w, https://www.les-samaritains.org/wp-content/uploads/2017/12/12465882_958885380826565_5971968728097854351_o-768x512.jpg 768w, https://www.les-samaritains.org/wp-content/uploads/2017/12/12465882_958885380826565_5971968728097854351_o-1024x683.jpg 1024w, https://www.les-samaritains.org/wp-content/uploads/2017/12/12465882_958885380826565_5971968728097854351_o-1500x1000.jpg 1500w, https://www.les-samaritains.org/wp-content/uploads/2017/12/12465882_958885380826565_5971968728097854351_o-705x470.jpg 705w, https://www.les-samaritains.org/wp-content/uploads/2017/12/12465882_958885380826565_5971968728097854351_o-450x300.jpg 450w, https://www.les-samaritains.org/wp-content/uploads/2017/12/12465882_958885380826565_5971968728097854351_o.jpg 2048w" sizes="auto, (max-width: 300px) 100vw, 300px" /></p>
<p>Naast deze hoofdactiviteit schenken wij elk jaar een feestmaaltijd met voorgerecht, hoofdgerecht en dessert. Dit alles wordt begeleid met softdrinks.</p>
<p><strong>We mogen hem niet vergeten! </strong></p>
<p>Claude was stichter van onze vereniging en zal altijd zijn ere-voorzitter blijven.<br />
Hij is op 68-jarige leeftijd overleden op 11 december 2013 na een lange periode van ziekte.<br />
Buiten de VZW heeft Claude ook een school opgericht in Togo, genoemd naar zijn kleinzoon Saint-Julien. Vergeet hem niet in uw gedachten.</p>
</div></section><br />

<style type="text/css" data-created_by="avia_inline_auto" id="style-css-av-j2h6y-3fcbabdc4f3ae5b5714716aa16729fec">
#top .hr.hr-invisible.av-j2h6y-3fcbabdc4f3ae5b5714716aa16729fec{
height:50px;
}
</style>
<div  class='hr av-j2h6y-3fcbabdc4f3ae5b5714716aa16729fec hr-invisible  avia-builder-el-4  el_after_av_textblock  el_before_av_textblock '><span class='hr-inner '><span class="hr-inner-style"></span></span></div><br />
<section  class='av_textblock_section av-cnlgq-8e481335a47f415557870c2a75c98f67 '   itemscope="itemscope" itemtype="https://schema.org/CreativeWork" ><div class='avia_textblock'  itemprop="text" ><blockquote>
<p>«Je hebt nooit echt geleefd als je niet iets hebt gegeven aan iemand die het je nooit zal kunnen teruggeven.»</p>
</blockquote>
</div></section><br />

<style type="text/css" data-created_by="avia_inline_auto" id="style-css-av-7vnne-27e7ebbcc2d5c7f1adcd65536c4be224">
#top .hr.hr-invisible.av-7vnne-27e7ebbcc2d5c7f1adcd65536c4be224{
height:10px;
}
</style>
<div  class='hr av-7vnne-27e7ebbcc2d5c7f1adcd65536c4be224 hr-invisible  avia-builder-el-6  el_after_av_textblock  avia-builder-el-last '><span class='hr-inner '><span class="hr-inner-style"></span></span></div></p></div>
